0
Let z(k) = -1248*k**3 + 14*k**2 + 11*k - 2. What is the units digit of z(-1)?
9
Let i = 15 - 10. Suppose -4*z - i*h + 1009 = 0, 4*z + 2*h + 123 = 1117. What is the tens digit of z?
4
What is the tens digit of 198/264 - (-1 + 16077/(-4))?
2
What is the tens digit of (-8)/6 - (-5403)/9?
9
Let o(w) be the first derivative of 5 + 8*w + 1/2*w**2 - 1/3*w**3. What is the units digit of o(0)?
8
Let k = 15 - 11. Suppose k = -p - 4*y - 2, -p + 3 = -5*y. Let u(t) = -20*t. What is the tens digit of u(p)?
4
Suppose -j = m - 0*j + 28, j - 20 = m. Let g be (-2)/((m/(-9))/(-4)). What is the tens digit of (g - -93)/4 - -1?
2
Suppose 3*z = 5*z. Suppose -w + z + 3 = 0. Suppose -3*g + 103 = 2*g - w*b, -30 = -2*g + 4*b. What is the units digit of g?
3
Let f = -5 + -20. Let y = f - -78. What is the tens digit of y?
5
Suppose 5*l + 0*n - 5*n = -630, 242 = -2*l + 4*n. Let u = -109 - l. What is the tens digit of u?
2
Let i = -194 + 690. What is the tens digit of i?
9
Let z be ((-5)/(-3))/(45/54). Suppose -3*w + 132 = -3*f - 0, -184 = -4*w + z*f. What is the units digit of w?
8
Let b(c) = -c**2 - 2*c - 1. Let d be b(-1). Suppose -5*p + 3*w = 172, p + 34 = -d*p + w. Let f = p + 53. What is the units digit of f?
8
Let n = 16 - 56. Let s = 94 + n. What is the units digit of s?
4
What is the hundreds digit of -5*1/10*(-1 - 785)?
3
Suppose -41*g + 49*g = 2776. What is the tens digit of g?
4
Let l(u) = -79*u + 7. Let n(d) = 118*d - 10. Suppose c + 24 = 3*q, -4*q + 0*c = 3*c - 19. Let m(h) = q*l(h) + 5*n(h). What is the tens digit of m(1)?
3
Suppose 2*v + 3*a = 249 - 904, -2*v + a = 651. Let k = v - -477. What is the tens digit of k?
5
Let q(b) = 83*b - 19. What is the units digit of q(4)?
3
Suppose m - 29 = -133. What is the units digit of 1*m/24*(1 - 4)?
3
Suppose -4*l = -2*w + 20, 2*w = 3*l - l + 14. Let f be l/15 + (-418)/10. Let y = -28 - f. What is the units digit of y?
4
Let m(i) = -25*i + 17. Let d(w) = w. Let b(s) = 6*d(s) + m(s). What is the tens digit of b(-7)?
5
Let f be 2/(-6) + 13787/51. Suppose -2*b + 360 = 4*i, 4*i - f = i + 2*b. What is the units digit of i?
0
Let t(g) = -52*g. Suppose 14 = -6*k + k - 4*b, 2*b + 2 = 0. What is the units digit of t(k)?
4
Let j = 28 + -21. What is the units digit of (-3)/(-4 + j)*-13?
3
Let z = 2220 + -1281. What is the hundreds digit of z?
9
Suppose 23*i - 22*i + 2*f - 4573 = 0, -5*f = -5*i + 22880. What is the tens digit of i?
7
What is the hundreds digit of (-24 + 27)/(-1*9/(-885))?
2
Suppose -5*k - 597 + 2740 = -4*m, 5*k - 2161 = -2*m. What is the tens digit of k?
3
What is the units digit of 2158/8 - 25/(-20)?
1
Let i = -128 - -483. What is the hundreds digit of i?
3
Let y(g) = 5*g**2 - 7*g + 18. Let d be y(3). What is the hundreds digit of 3832/14 + d/147?
2
Suppose 4*u + 4*o = 10*o + 19736, -5*o = 2*u - 9884. What is the units digit of u?
7
Suppose 12*n - 4690 = 10994. What is the tens digit of n?
0
Let s = 46 + -43. Suppose s*l + 106 = 5*l. What is the tens digit of l?
5
Let d = 587 - 230. Let t = d - 220. What is the tens digit of t?
3
Suppose -4*d + 60 = 4*j, -4*d - 28 = -3*j - 88. Let z(c) = -c**2 + 4*c. Let b(y) = 2*y + 1. Let g(r) = 6*b(r) + z(r). What is the units digit of g(d)?
1
Let m(p) = -p**3 - 21*p**2 - 22*p - 25. Let l be m(-20). Suppose -l*n + 9*n = -414. What is the tens digit of n?
6
Let u(v) = -7*v - 12. Let l be u(10). What is the units digit of (3 - l) + -6 + 4?
3
Suppose -1 = -5*t - 4*m - 11, -19 = -2*t + 3*m. Let v = t + 104. What is the hundreds digit of v?
1
Suppose 0 = 2*p - 180 + 48. What is the units digit of (-6)/(-4)*2816/p?
4
What is the tens digit of (138 + 1 - 2) + (-8 - -4)?
3
Let v be 4/14 + (-195)/21. Let l be (-3)/v*3*13. Suppose 5*t + 7 = 3*z - 2*z, l = 4*z - 5*t. What is the units digit of z?
2
Let z(o) = -12*o**3 + o**2 + o - 1. Let a be z(1). Let w = a - 0. Let n = 12 - w. What is the tens digit of n?
2
Suppose -6*x + r = -3*x - 65, 85 = 3*x - 5*r. What is the units digit of x/30*(-930)/(-4)?
5
Let j be 5*-1*(-8)/5. Let o be (2 - j)*1/(-3). What is the units digit of 1/2 + 71/o?
6
Suppose -g = 5*d - 14, 0 = 5*g - 3*d - 1 - 13. Suppose -g*a = -7*a + 54. What is the units digit of a?
8
Suppose v = 10 - 2. Let i(g) = -4 + 0*g - 4 + 3*g. What is the units digit of i(v)?
6
Let n be 76/28 - (-4)/14. Suppose -2*x - 3*x = -3*m + 306, -n*x - 102 = -m. What is the tens digit of m?
0
Let z be (-3 - -8)*(-4 + 2). Let i be (-51)/(-15) - (-4)/z. Suppose -i*j = -17 + 8. What is the units digit of j?
3
Let x(u) = -u**3 - u**2 - u + 3. Let v be x(0). Suppose v = -b + 36. What is the units digit of b?
3
Let b(d) = -d**3 + 10*d**2 + 18*d + 4. Suppose 6*j - 50 = j. What is the units digit of b(j)?
4
Suppose 4*g = -29*g + 85206. What is the units digit of g?
2
Suppose 192 = -9*c + 5*c. What is the units digit of (c/(-2))/(2 - (-68)/(-40))?
0
Suppose n + 344 = 4*j - 3*n, -3*j - 5*n = -266. Let y = -14 + j. What is the units digit of y?
3
Suppose -v - 3*w + 226 + 166 = 0, -3*v + w + 1226 = 0. What is the units digit of v?
7
Let h(c) = 6 + 1 - 31*c - 5. Let s be h(-1). Let d = s - 19. What is the units digit of d?
4
Let f = 13 + -8. Let u be -11 - (-140)/12 - (-2)/6. Suppose 2*d = -3*g + u + 73, -135 = -5*d + f*g. What is the units digit of d?
1
Let x = 56 + -23. Suppose 4*a - x = -4*k - 9, k = 5*a + 12. What is the units digit of k?
7
Let v = -11 - -23. Let w = v - 5. Let q = 17 + w. What is the tens digit of q?
2
Let b = -50 - -48. Let u(o) = -3*o**3 - 5*o**2 - 7*o - 5. What is the tens digit of u(b)?
1
Suppose 0 = -2*h - 4 - 0. Let g be 2 + h + -4 - -9. What is the units digit of (-39)/(-5)*25/g?
9
Let a(u) = u**3 - u + 139. Let l(v) = v**2 - 23*v - 24. Let s be l(24). What is the tens digit of a(s)?
3
Let d = 4775 + 365. What is the thousands digit of d?
5
Let u = 8 + 11. Let l(d) = -d**3 + 19*d**2 + 2*d - 9. What is the tens digit of l(u)?
2
Let w = 266 + -248. Suppose 0 = -y - 3 - 6. Let h = y + w. What is the units digit of h?
9
Suppose 2*k - 21 - 9 = 0. What is the units digit of k/((-3)/6*-2)?
5
Let h be 10/(-15)*(-15)/(-2). Let r(i) = i**3 + 8*i**2 + i + 8. What is the tens digit of r(h)?
7
Let c = 195 - 117. What is the tens digit of c?
7
Let s be ((-2)/6*0)/(-4). Let v be (3/(-2))/(15/(-20)). Suppose -p = -v*d - 27 - 19, 2*p + 4*d - 76 = s. What is the units digit of p?
2
Let v(s) = s**3 + 6*s**2 + 2. Let k be v(-6). Let i be k/(-1) + 9 + -2. Suppose -17 - 8 = -i*c. What is the units digit of c?
5
Let m(k) = k**2 + 10*k + 3. Suppose -5*w = -4*n - 15, -7*w + 2*w - 15 = 2*n. Let q = n + -7. What is the units digit of m(q)?
7
Let n = 1 + 11. Suppose -18*z + n*z = -48. What is the units digit of z?
8
Let v be 36/(-198) - -1*(-2086)/22. Let b = 169 + v. What is the tens digit of b?
7
Suppose -4*t = -4*g - 156, 4*t - 5*t = 5*g - 21. Let z = t + -43. What is the tens digit of ((-146)/6)/(z/21)?
7
Suppose 2*c - 2599 = y - 534, 0 = 3*c - 5*y - 3101. What is the hundreds digit of c?
0
Let j = -21 + 15. Let s be (21/j + 2)*-6. Let f = s - -3. What is the tens digit of f?
1
Suppose 2*b = -10 - 2. Let j(z) = z**3 + 6*z**2 + 2*z + 5. Let q be j(b). Let p(u) = -u - 6. What is the units digit of p(q)?
1
Let u(x) be the first derivative of -x + 2*x - 6*x**2 + 4*x**2 - 3*x + 5. What is the units digit of u(-8)?
0
Suppose 35*x = 464 - 149. What is the units digit of x?
9
Suppose i = 3*s - 430, -5*i + 0*i + 122 = s. What is the units digit of s?
2
Let l(x) = x - 12. Let g be 8/(-1)*(-9)/9. Let z be l(g). Let p(c) = -c**2 - 5*c - 1. What is the units digit of p(z)?
3
Suppose 0 = -4*k - 1006 + 5042. What is the tens digit of k?
0
Let q(a) = -a**3 + 11*a**2 + 2*a - 1. Suppose 103 = 5*i - 2*j, 2*i + 3*j - 51 = -6. Suppose 5*y - i = 34. What is the units digit of q(y)?
1
Let s = -376 - -383. What is the units digit of s?
7
Suppose 1824 = 2*l - 5*k + 611, -k - 2399 = -4*l. What is the tens digit of l?
9
Let x = -64 + 93. Suppose -19 = -4*c + x. Let y(r) = -r**2 + 13*r - 10. What is the units digit of y(c)?
2
Suppose 4420 + 2096 = -3*q. What is the hundreds digit of (2/6 - 0) + q/(-18)?
1
Suppose 7 = 2*h - 1. Let x = h - -11. What is the tens digit of x?
1
Let k = -12 - -14. Suppose 2*v - 2*h - 30 = 0, 3*v - k*v - 21 = 3*h. What is the tens digit of v?
1
Let l(s) = 5*s**2 + 9*s + 10. Let r(n) = -2*n**2 - 4*n - 5.